4 a multiple of 8?
False
Is 3884 a multiple of 8?
False
Is 8 a factor of 22030?
False
Is 225 a multiple of 15?
True
Does 268 divide 25998?
False
Does 22 divide 7063?
False
Is 1424 a multiple of 16?
True
Is 4 a factor of 810?
False
Does 125 divide 10157?
False
Does 143 divide 48334?
True
Is 128297 a multiple of 13?
True
Does 4 divide 736?
True
Is 70 a factor of 4410?
True
Is 23335 a multiple of 81?
False
Does 131 divide 29868?
True
Is 6426 a multiple of 63?
True
Is 8370 a multiple of 93?
True
Does 245 divide 6107?
False
Does 39 divide 4095?
True
Is 16 a factor of 2432?
True
Is 475 a multiple of 11?
False
Does 38 divide 25460?
True
Is 46528 a multiple of 230?
False
Does 7 divide 859?
False
Does 6 divide 2156?
False
Is 36 a factor of 5652?
True
Does 8 divide 17698?
False
Is 97 a factor of 2328?
True
Is 37 even?
False
Is 5476 a multiple of 74?
True
Is 3 a factor of 241?
False
Is 64 a multiple of 3?
False
Is 3593 a multiple of 35?
False
Is 2016 even?
True
Is 216 a multiple of 3?
True
Does 30 divide 3293?
False
Does 11 divide 37094?
False
Is 21 a factor of 25242?
True
Is 54 a factor of 247?
False
Is 55 a factor of 11220?
True
Is 283 a multiple of 11?
False
Does 43 divide 419?
False
Is 41 a factor of 533?
True
Is 264 a factor of 50483?
False
Does 29 divide 207?
False
Does 24 divide 1368?
True
Is 140 a multiple of 5?
True
Is 34 a factor of 442?
True
Is 19 a factor of 323?
True
Does 10 divide 920?
True
Does 5 divide 920?
True
Is 46326 a multiple of 7?
True
Does 25 divide 2000?
True
Is 1921 a multiple of 19?
False
Is 59 a factor of 1711?
True
Is 46 a factor of 644?
True
Is 637 a multiple of 91?
True
Does 11 divide 60357?
True
Is 6 a factor of 272?
False
Is 441 a multiple of 63?
True
Is 4 a factor of 489?
False
Is 6 a factor of 2580?
True
Is 560 a multiple of 20?
True
Does 9 divide 36?
True
Is 5 a factor of 7316?
False
Is 34533 a multiple of 62?
False
Is 22 a factor of 3432?
True
Is 23 a factor of 1012?
True
Does 14 divide 994?
True
Is 40 a factor of 3480?
True
Is 43 a factor of 4193?
False
Is 1123 a multiple of 44?
False
Is 16 a factor of 8864?
True
Does 14 divide 5327?
False
Is 18860 a multiple of 23?
True
Is 84 even?
True
Does 75 divide 1425?
True
Does 114 divide 29274?
False
Is 914 a multiple of 19?
False
Does 84 divide 504?
True
Is 1978 a multiple of 46?
True
Does 42 divide 11869?
False
Does 5 divide 3290?
True
Is 62 a factor of 2728?
True
Is 125 a multiple of 8?
False
Is 5708 a multiple of 145?
False
Is 4570 a multiple of 30?
False
Is 9211 a multiple of 31?
False
Is 8 a factor of 917?
False
Does 30 divide 929?
False
Is 588 a multiple of 21?
True
Is 495 a multiple of 45?
True
Is 50 a factor of 502?
False
Does 14 divide 5305?
False
Is 42 a factor of 40236?
True
Does 3 divide 25?
False
Is 6 a factor of 229?
False
Does 21 divide 6413?
False
Is 174 a factor of 14094?
True
Does 21 divide 1764?
True
Is 31 a factor of 108934?
True
Is 2779 a multiple of 21?
False
Is 1292 a multiple of 4?
True
Is 3160 a multiple of 16?
False
Is 11124 a multiple of 108?
True
Is 10 a factor of 55163?
False
Is 35 a factor of 1481?
False
Does 30 divide 2135?
False
Is 157 a factor of 2669?
True
Does 36 divide 7524?
True
Does 11 divide 99?
True
Is 12 a factor of 955?
False
Is 93 a factor of 24256?
False
Is 178 a factor of 17622?
True
Does 6 divide 1990?
False
Is 5 a factor of 3517?
False
Is 11 a factor of 1738?
True
Is 78 a factor of 1404?
True
Is 616 a multiple of 39?
False
Is 327 a multiple of 32?
False
Is 15 a factor of 2415?
True
Is 15484 a multiple of 51?
False
Is 32 a factor of 541?
False
Does 26 divide 19116?
False
Does 3 divide 23?
False
Is 1755 a multiple of 39?
True
Does 5 divide 87?
False
Does 6 divide 27924?
True
Does 23 divide 897?
True
Is 45 a factor of 22727?
False
Does 26 divide 15241?
False
Is 76 a factor of 6824?
False
Is 16 a factor of 23728?
True
Is 3713 a multiple of 19?
False
Is 3424 a multiple of 23?
False
Does 18 divide 407?
False
Does 11 divide 2795?
False
Does 82 divide 578?
False
Does 14 divide 140?
True
Is 69977 a multiple of 111?
False
Is 2091 a multiple of 123?
True
Is 53 a factor of 8162?
True
Does 22 divide 4532?
True
Does 3 divide 294?
True
Is 21923 a multiple of 52?
False
Is 5 a factor of 567?
False
Does 16 divide 50016?
True
Does 3 divide 139?
False
Is 12 a factor of 49?
False
Is 9816 a multiple of 44?
False
Is 6500 a multiple of 5?
True
Is 12 even?
True
Is 20 a factor of 2140?
True
Does 24 divide 1141?
False
Is 42 a factor of 389?
False
Does 19 divide 57?
True
Does 52 divide 676?
True
Does 22 divide 640?
False
Does 2 divide 411?
False
Does 5 divide 475?
True
Is 2385 a multiple of 45?
True
Is 26 a factor of 104?
True
Is 37 a multiple of 10?
False
Is 58273 a multiple of 19?
True
Is 42 a factor of 1282?
False
Does 54 divide 47549?
False
Does 9 divide 897?
False
Is 1640 a multiple of 8?
True
Does 41 divide 4824?
False
Is 1275 a multiple of 51?
True
Is 73 a factor of 595?
False
Is 189 a multiple of 27?
True
Is 39 a factor of 7488?
True
Is 15 a factor of 1040?
False
Is 1152 a multiple of 72?
True
Does 54 divide 54810?
True
Is 18 a factor of 5996?
False
Is 9371 a multiple of 11?
False
Is 85 a factor of 2380?
True
Is 516 a factor of 69940?
False
Is 7062 a multiple of 66?
True
Is 111956 a multiple of 52?
True
Is 252 a multiple of 21?
True
Is 10050 a multiple of 134?
True
Is 2471 a multiple of 21?
False
Does 15 divide 825?
True
Is 22716 a multiple of 116?
False
Is 26 a factor of 2770?
False
Does 8 divide 1277?
False
Is 16913 a multiple of 92?
False
Is 107 a factor of 121338?
True
Is 31 a factor of 2666?
True
Is 83 a factor of 6503?
False
Is 6 a factor of 7293?
False
Is 28 a factor of 447?
False
Does 120 divide 7409?
False
Is 35 a factor of 6300?
True
Is 1496 a multiple of 12?
False
Does 12 divide 325?
False
Is 291 a multiple of 16?
False
Is 736 a multiple of 37?
False
Is 9180 a multiple of 427?
False
Is 46 a factor of 3128?
True
Does 19 divide 7657?
True
Does 76 divide 11552?
True
Does 17 divide 102?
True
Is 3585 a multiple of 16?
False
Is 7 a factor of 636?
False
Is 646 a multiple of 34?
True
Does 15 divide 18300?
True
Is 158 a factor of 4298?
False
Does 4 divide 4524?
True
Is 20 a factor of 10805?
False
Is 58 a factor of 1856?
True
Is 160 a multiple of 4?
True
Is 90 a multiple of 2?
True
Does 50 divide 215?
False
Is 389 a multiple of 2?
False
Is 22 a factor of 17926?
False
Is 39 a factor of 1677?
True
Is 14 a factor of 10635?
False
Is 577 a multiple of 25?
False
Is 50 a factor of 216?
False
Does 53 divide 2096?
False
Does 9 divide 1908?
True
Does 7 divide 521?
False
Is 20 a factor of 2384?
False
Does 17 divide 187?
True
Is 942 a multiple of 2?
True
Is 1422 a multiple of 14?
False
Does 11 divide 77?
True
Is 65 a factor of 3827?
False
Is 45 a factor of 1586?
False
Does 94 divide 3190?
False
Is 32 a factor of 18400?
True
Is 10 a factor of 1319?
False
Does 22 divide 6248?
True
Is 744 a multiple of 13?
False
Does 54 divide 7128?
True
Is 28162 a multiple of 7?
False
Does 61 divide 35017?
False
Is 98049 a multiple of 21?
True
Is 70 a factor of 3920?
True
Is 9 a factor of 2134?
False
Does 6 divide 1084?
False
Does 265 divide 6360?
True
Does 17 divide 2722?
False
Is 3888 a multiple of 4?
True
Is 178 a factor of 15871?
False
Does 40 divide 1000?
True
Is 11 a factor of 265?
False
Does 3 divide 25?
False
Is 5076 a multiple of 27?
True
Is 13 a factor of 50557?
True
Does 4 divide 1437?
False
Is 15 a factor of 53828?
False
Is 21735 a multiple of 7?
True
Is 23 a factor of 1418?
False
Is 16 a factor of 166?
False
Is 4 a factor of 10872?
True
Is 221 a factor of 4808?
False
Is 147 a factor of 1589?
False
Is 40045 a multiple of 5?
True
Does 13 divide 1378?
True
Is 11049 a multiple of 20?
False
Is 9 a factor of 1142?
False
Is 48 a factor of 2206?
False
Is 34 a factor of 102?
True
Is 27 a factor of 1134?
True
Does 65 divide 10400?
True
Is 83 a factor of 17845?
True
Is 12 a factor of 68088?
True
Is 21 a factor of 7270?
False
Is 53 a factor of 406?
False
Is 1095 a multiple of 73?
True
Is 64 a factor of 1615?
False
Is 40139 a multiple of 89?
True
Is 147 a factor of 2499?
True
Is 17 a factor of 27404?
True
Is 225 a multiple of 45?
True
Is 5724 a multiple of 11?
False
Is 253 a multiple of 2?
False
Does 80 divide 3425?
False
Is 7060 a multiple of 10?
True
Is 9 a factor of 173